{"id":2674,"date":"2022-04-02T13:55:20","date_gmt":"2022-04-02T11:55:20","guid":{"rendered":"http:\/\/worldschool.eu\/?page_id=2674"},"modified":"2022-11-02T10:22:17","modified_gmt":"2022-11-02T09:22:17","slug":"kadra","status":"publish","type":"page","link":"https:\/\/worldschool.eu\/?page_id=2674","title":{"rendered":"Kadra"},"content":{"rendered":"\t\t<div data-elementor-type=\"wp-page\" data-elementor-id=\"2674\" class=\"elementor elementor-2674\">\n\t\t\t\t\t\t<section class=\"elementor-section elementor-top-section elementor-element elementor-element-79163e53 elementor-section-boxed elementor-section-height-default elementor-section-height-default elementor-invisible\" data-id=\"79163e53\" data-element_type=\"section\" data-settings=\"{&quot;background_background&quot;:&quot;classic&quot;,&quot;animation&quot;:&quot;fadeInUp&quot;}\">\n\t\t\t\t\t\t\t<div class=\"elementor-background-overlay\"><\/div>\n\t\t\t\t\t\t\t<div class=\"elementor-container elementor-column-gap-default\">\n\t\t\t\t\t<div class=\"elementor-column elementor-col-50 elementor-top-column elementor-element elementor-element-43c50c45\" data-id=\"43c50c45\" data-element_type=\"column\">\n\t\t\t<div class=\"elementor-widget-wrap elementor-element-populated\">\n\t\t\t\t\t\t<div class=\"elementor-element elementor-element-23ceaacb elementor-widget elementor-widget-heading\" data-id=\"23ceaacb\" data-element_type=\"widget\" data-widget_type=\"heading.default\">\n\t\t\t\t<div class=\"elementor-widget-container\">\n\t\t\t\t\t<h2 class=\"elementor-heading-title elementor-size-default\">Dyrektor szko\u0142y<br>\nmgr Marcin Otr\u0119ba\n<br><br>\nWicedyrektor szko\u0142y<br>\nmgr Dorota Szcz\u0119sna<\/h2>\t\t\t\t<\/div>\n\t\t\t\t<\/div>\n\t\t\t\t<div class=\"elementor-element elementor-element-2a0257f1 elementor-widget-divider--view-line elementor-widget elementor-widget-divider\" data-id=\"2a0257f1\" data-element_type=\"widget\" data-widget_type=\"divider.default\">\n\t\t\t\t<div class=\"elementor-widget-container\">\n\t\t\t\t\t\t\t<div class=\"elementor-divider\">\n\t\t\t<span class=\"elementor-divider-separator\">\n\t\t\t\t\t\t<\/span>\n\t\t<\/div>\n\t\t\t\t\t\t<\/div>\n\t\t\t\t<\/div>\n\t\t\t\t<div class=\"elementor-element elementor-element-6797c753 elementor-widget elementor-widget-text-editor\" data-id=\"6797c753\" data-element_type=\"widget\" data-widget_type=\"text-editor.default\">\n\t\t\t\t<div class=\"elementor-widget-container\">\n\t\t\t\t\t\t\t\t\t<p>Nasz\u0105 kadr\u0119 tworzy do\u015bwiadczony i wykwalifikowany zesp\u00f3\u0142 pedagog\u00f3w. Nasi nauczyciele to osoby pe\u0142ne pasji i zapa\u0142u do pracy. Wszyscy regularnie pog\u0142\u0119biaj\u0105 swoj\u0105 wiedz\u0119 i doskonal\u0105 umiej\u0119tno\u015bci, uczestnicz\u0105c w licznych kursach i studiach podyplomowych.<\/p>\t\t\t\t\t\t\t\t<\/div>\n\t\t\t\t<\/div>\n\t\t\t\t<div class=\"elementor-element elementor-element-5cb3b504 elementor-widget elementor-widget-spacer\" data-id=\"5cb3b504\" data-element_type=\"widget\" data-widget_type=\"spacer.default\">\n\t\t\t\t<div class=\"elementor-widget-container\">\n\t\t\t\t\t\t\t<div class=\"elementor-spacer\">\n\t\t\t<div class=\"elementor-spacer-inner\"><\/div>\n\t\t<\/div>\n\t\t\t\t\t\t<\/div>\n\t\t\t\t<\/div>\n\t\t\t\t\t<\/div>\n\t\t<\/div>\n\t\t\t\t<div class=\"elementor-column elementor-col-50 elementor-top-column elementor-element elementor-element-2f5d3d84\" data-id=\"2f5d3d84\" data-element_type=\"column\">\n\t\t\t<div class=\"elementor-widget-wrap elementor-element-populated\">\n\t\t\t\t\t\t<div class=\"elementor-element elementor-element-c55c5ec elementor-invisible elementor-widget elementor-widget-image\" data-id=\"c55c5ec\" data-element_type=\"widget\" data-settings=\"{&quot;_animation&quot;:&quot;fadeInRight&quot;}\" data-widget_type=\"image.default\">\n\t\t\t\t<div class=\"elementor-widget-container\">\n\t\t\t\t\t\t\t\t\t\t\t\t\t\t\t<img fetchpriority=\"high\" decoding=\"async\" width=\"1024\" height=\"681\" src=\"https:\/\/worldschool.eu\/wp-content\/uploads\/2022\/04\/8-1024x681.jpg\" class=\"attachment-large size-large wp-image-2677\" alt=\"\" srcset=\"https:\/\/worldschool.eu\/wp-content\/uploads\/2022\/04\/8-1024x681.jpg 1024w, https:\/\/worldschool.eu\/wp-content\/uploads\/2022\/04\/8-300x199.jpg 300w, https:\/\/worldschool.eu\/wp-content\/uploads\/2022\/04\/8-768x511.jpg 768w, https:\/\/worldschool.eu\/wp-content\/uploads\/2022\/04\/8-1536x1021.jpg 1536w, https:\/\/worldschool.eu\/wp-content\/uploads\/2022\/04\/8-2048x1362.jpg 2048w, https:\/\/worldschool.eu\/wp-content\/uploads\/2022\/04\/8-370x246.jpg 370w, https:\/\/worldschool.eu\/wp-content\/uploads\/2022\/04\/8-400x266.jpg 400w, https:\/\/worldschool.eu\/wp-content\/uploads\/2022\/04\/8-900x598.jpg 900w, https:\/\/worldschool.eu\/wp-content\/uploads\/2022\/04\/8-451x300.jpg 451w, https:\/\/worldschool.eu\/wp-content\/uploads\/2022\/04\/8-1015x675.jpg 1015w, https:\/\/worldschool.eu\/wp-content\/uploads\/2022\/04\/8-1624x1080.jpg 1624w\" sizes=\"(max-width: 1024px) 100vw, 1024px\" \/>\t\t\t\t\t\t\t\t\t\t\t\t\t\t\t<\/div>\n\t\t\t\t<\/div>\n\t\t\t\t\t<\/div>\n\t\t<\/div>\n\t\t\t\t\t<\/div>\n\t\t<\/section>\n\t\t\t\t<\/div>\n\t\t","protected":false},"excerpt":{"rendered":"<p>Dyrektor szko\u0142y mgr Marcin Otr\u0119ba Wicedyrektor szko\u0142y mgr Dorota Szcz\u0119sna Nasz\u0105 kadr\u0119 tworzy do\u015bwiadczony i wykwalifikowany zesp\u00f3\u0142 pedagog\u00f3w. Nasi nauczyciele to osoby pe\u0142ne pasji i zapa\u0142u do pracy. Wszyscy regularnie pog\u0142\u0119biaj\u0105 swoj\u0105 wiedz\u0119 i doskonal\u0105 umiej\u0119tno\u015bci, uczestnicz\u0105c w licznych kursach i studiach podyplomowych.<\/p>\n","protected":false},"author":1,"featured_media":0,"parent":0,"menu_order":0,"comment_status":"closed","ping_status":"closed","template":"","meta":{"footnotes":""},"class_list":["post-2674","page","type-page","status-publish","hentry","no-thumb"],"_links":{"self":[{"href":"https:\/\/worldschool.eu\/index.php?rest_route=\/wp\/v2\/pages\/2674","targetHints":{"allow":["GET"]}}],"collection":[{"href":"https:\/\/worldschool.eu\/index.php?rest_route=\/wp\/v2\/pages"}],"about":[{"href":"https:\/\/worldschool.eu\/index.php?rest_route=\/wp\/v2\/types\/page"}],"author":[{"embeddable":true,"href":"https:\/\/worldschool.eu\/index.php?rest_route=\/wp\/v2\/users\/1"}],"replies":[{"embeddable":true,"href":"https:\/\/worldschool.eu\/index.php?rest_route=%2Fwp%2Fv2%2Fcomments&post=2674"}],"version-history":[{"count":7,"href":"https:\/\/worldschool.eu\/index.php?rest_route=\/wp\/v2\/pages\/2674\/revisions"}],"predecessor-version":[{"id":3115,"href":"https:\/\/worldschool.eu\/index.php?rest_route=\/wp\/v2\/pages\/2674\/revisions\/3115"}],"wp:attachment":[{"href":"https:\/\/worldschool.eu\/index.php?rest_route=%2Fwp%2Fv2%2Fmedia&parent=2674"}],"curies":[{"name":"wp","href":"https:\/\/api.w.org\/{rel}","templated":true}]}}