{"id":2729,"date":"2022-04-02T14:52:12","date_gmt":"2022-04-02T12:52:12","guid":{"rendered":"http:\/\/worldschool.eu\/?page_id=2729"},"modified":"2024-01-31T12:53:38","modified_gmt":"2024-01-31T11:53:38","slug":"posilki-w-szkole","status":"publish","type":"page","link":"https:\/\/worldschool.eu\/?page_id=2729","title":{"rendered":"Posi\u0142ki w szkole"},"content":{"rendered":"\t\t<div data-elementor-type=\"wp-page\" data-elementor-id=\"2729\" class=\"elementor elementor-2729\">\n\t\t\t\t\t\t<section class=\"elementor-section elementor-top-section elementor-element elementor-element-2f17e933 elementor-section-boxed elementor-section-height-default elementor-section-height-default elementor-invisible\" data-id=\"2f17e933\" data-element_type=\"section\" data-settings=\"{&quot;background_background&quot;:&quot;classic&quot;,&quot;animation&quot;:&quot;fadeInUp&quot;}\">\n\t\t\t\t\t\t\t<div class=\"elementor-background-overlay\"><\/div>\n\t\t\t\t\t\t\t<div class=\"elementor-container elementor-column-gap-default\">\n\t\t\t\t\t<div class=\"elementor-column elementor-col-50 elementor-top-column elementor-element elementor-element-39dc2b86\" data-id=\"39dc2b86\" data-element_type=\"column\">\n\t\t\t<div class=\"elementor-widget-wrap elementor-element-populated\">\n\t\t\t\t\t\t<div class=\"elementor-element elementor-element-6bf91fa elementor-widget elementor-widget-heading\" data-id=\"6bf91fa\" data-element_type=\"widget\" data-widget_type=\"heading.default\">\n\t\t\t\t<div class=\"elementor-widget-container\">\n\t\t\t\t\t<h2 class=\"elementor-heading-title elementor-size-default\">Posi\u0142ki w szkole<\/h2>\t\t\t\t<\/div>\n\t\t\t\t<\/div>\n\t\t\t\t<div class=\"elementor-element elementor-element-5a9a8a70 elementor-widget-divider--view-line elementor-widget elementor-widget-divider\" data-id=\"5a9a8a70\" data-element_type=\"widget\" data-widget_type=\"divider.default\">\n\t\t\t\t<div class=\"elementor-widget-container\">\n\t\t\t\t\t\t\t<div class=\"elementor-divider\">\n\t\t\t<span class=\"elementor-divider-separator\">\n\t\t\t\t\t\t<\/span>\n\t\t<\/div>\n\t\t\t\t\t\t<\/div>\n\t\t\t\t<\/div>\n\t\t\t\t<div class=\"elementor-element elementor-element-4bb15277 elementor-widget elementor-widget-text-editor\" data-id=\"4bb15277\" data-element_type=\"widget\" data-widget_type=\"text-editor.default\">\n\t\t\t\t<div class=\"elementor-widget-container\">\n\t\t\t\t\t\t\t\t\t<p>Prawid\u0142owe \u017cywienie to nie tylko dostarczanie organizmowi energii oraz niezb\u0119dnych sk\u0142adnik\u00f3w pokarmowych we w\u0142a\u015bciwych proporcjach, ale tak\u017ce regularno\u015b\u0107 posi\u0142k\u00f3w. W naszej szkole uczniowie otrzymuj\u0105 cztery smaczne posi\u0142ki w ci\u0105gu dnia. Wszystkie potrawy przygotowywane s\u0105 na miejscu w szkolnej kuchni, wyposa\u017conej w nowoczesny sprz\u0119t. Produkty pozyskujemy od lokalnych, sprawdzonych dostawc\u00f3w. Zdrowa \u017cywno\u015b\u0107 to dla m\u0142odego organizmu podstawa prawid\u0142owego rozwoju. Popieramy ten pogl\u0105d i wdra\u017camy go w naszej szkole<\/p><p>Posi\u0142ki w szkole s\u0105 dodatkowo p\u0142atne. Stawka dzienna wynosi 30z\u0142.<\/p>\t\t\t\t\t\t\t\t<\/div>\n\t\t\t\t<\/div>\n\t\t\t\t<div class=\"elementor-element elementor-element-186ffdc8 elementor-widget elementor-widget-spacer\" data-id=\"186ffdc8\" data-element_type=\"widget\" data-widget_type=\"spacer.default\">\n\t\t\t\t<div class=\"elementor-widget-container\">\n\t\t\t\t\t\t\t<div class=\"elementor-spacer\">\n\t\t\t<div class=\"elementor-spacer-inner\"><\/div>\n\t\t<\/div>\n\t\t\t\t\t\t<\/div>\n\t\t\t\t<\/div>\n\t\t\t\t\t<\/div>\n\t\t<\/div>\n\t\t\t\t<div class=\"elementor-column elementor-col-50 elementor-top-column elementor-element elementor-element-7a8ec9b7\" data-id=\"7a8ec9b7\" data-element_type=\"column\">\n\t\t\t<div class=\"elementor-widget-wrap elementor-element-populated\">\n\t\t\t\t\t\t<div class=\"elementor-element elementor-element-03322df elementor-invisible elementor-widget elementor-widget-image\" data-id=\"03322df\" data-element_type=\"widget\" data-settings=\"{&quot;_animation&quot;:&quot;fadeInRight&quot;}\" data-widget_type=\"image.default\">\n\t\t\t\t<div class=\"elementor-widget-container\">\n\t\t\t\t\t\t\t\t\t\t\t\t\t\t\t<img fetchpriority=\"high\" decoding=\"async\" width=\"640\" height=\"960\" src=\"https:\/\/worldschool.eu\/wp-content\/uploads\/2022\/04\/kuchnia3.jpg\" class=\"attachment-large size-large wp-image-2732\" alt=\"\" srcset=\"https:\/\/worldschool.eu\/wp-content\/uploads\/2022\/04\/kuchnia3.jpg 640w, https:\/\/worldschool.eu\/wp-content\/uploads\/2022\/04\/kuchnia3-200x300.jpg 200w, https:\/\/worldschool.eu\/wp-content\/uploads\/2022\/04\/kuchnia3-370x555.jpg 370w, https:\/\/worldschool.eu\/wp-content\/uploads\/2022\/04\/kuchnia3-60x91.jpg 60w, https:\/\/worldschool.eu\/wp-content\/uploads\/2022\/04\/kuchnia3-400x600.jpg 400w, https:\/\/worldschool.eu\/wp-content\/uploads\/2022\/04\/kuchnia3-450x675.jpg 450w\" sizes=\"(max-width: 640px) 100vw, 640px\" \/>\t\t\t\t\t\t\t\t\t\t\t\t\t\t\t<\/div>\n\t\t\t\t<\/div>\n\t\t\t\t\t<\/div>\n\t\t<\/div>\n\t\t\t\t\t<\/div>\n\t\t<\/section>\n\t\t\t\t<section class=\"elementor-section elementor-top-section elementor-element elementor-element-6545f4e1 elementor-section-boxed elementor-section-height-default elementor-section-height-default elementor-invisible\" data-id=\"6545f4e1\" data-element_type=\"section\" data-settings=\"{&quot;background_background&quot;:&quot;classic&quot;,&quot;animation&quot;:&quot;fadeIn&quot;}\">\n\t\t\t\t\t\t\t<div class=\"elementor-background-overlay\"><\/div>\n\t\t\t\t\t\t\t<div class=\"elementor-container elementor-column-gap-default\">\n\t\t\t\t\t<div class=\"elementor-column elementor-col-50 elementor-top-column elementor-element elementor-element-663f16b6\" data-id=\"663f16b6\" data-element_type=\"column\">\n\t\t\t<div class=\"elementor-widget-wrap elementor-element-populated\">\n\t\t\t\t\t\t<div class=\"elementor-element elementor-element-0253178 elementor-invisible elementor-widget elementor-widget-image\" data-id=\"0253178\" data-element_type=\"widget\" data-settings=\"{&quot;_animation&quot;:&quot;fadeInLeft&quot;}\" data-widget_type=\"image.default\">\n\t\t\t\t<div class=\"elementor-widget-container\">\n\t\t\t\t\t\t\t\t\t\t\t\t\t\t\t<img decoding=\"async\" width=\"972\" height=\"648\" src=\"https:\/\/worldschool.eu\/wp-content\/uploads\/2022\/04\/kuchnia_5_m.jpg\" class=\"attachment-large size-large wp-image-2733\" alt=\"\" srcset=\"https:\/\/worldschool.eu\/wp-content\/uploads\/2022\/04\/kuchnia_5_m.jpg 972w, https:\/\/worldschool.eu\/wp-content\/uploads\/2022\/04\/kuchnia_5_m-300x200.jpg 300w, https:\/\/worldschool.eu\/wp-content\/uploads\/2022\/04\/kuchnia_5_m-768x512.jpg 768w, https:\/\/worldschool.eu\/wp-content\/uploads\/2022\/04\/kuchnia_5_m-370x247.jpg 370w, https:\/\/worldschool.eu\/wp-content\/uploads\/2022\/04\/kuchnia_5_m-400x267.jpg 400w, https:\/\/worldschool.eu\/wp-content\/uploads\/2022\/04\/kuchnia_5_m-900x600.jpg 900w, https:\/\/worldschool.eu\/wp-content\/uploads\/2022\/04\/kuchnia_5_m-450x300.jpg 450w\" sizes=\"(max-width: 972px) 100vw, 972px\" \/>\t\t\t\t\t\t\t\t\t\t\t\t\t\t\t<\/div>\n\t\t\t\t<\/div>\n\t\t\t\t<div class=\"elementor-element elementor-element-9e288f7 elementor-invisible elementor-widget elementor-widget-image\" data-id=\"9e288f7\" data-element_type=\"widget\" data-settings=\"{&quot;_animation&quot;:&quot;fadeInLeft&quot;}\" data-widget_type=\"image.default\">\n\t\t\t\t<div class=\"elementor-widget-container\">\n\t\t\t\t\t\t\t\t\t\t\t\t\t\t\t<img decoding=\"async\" width=\"960\" height=\"640\" src=\"https:\/\/worldschool.eu\/wp-content\/uploads\/2022\/04\/kuchnia4.jpg\" class=\"attachment-large size-large wp-image-2735\" alt=\"\" srcset=\"https:\/\/worldschool.eu\/wp-content\/uploads\/2022\/04\/kuchnia4.jpg 960w, https:\/\/worldschool.eu\/wp-content\/uploads\/2022\/04\/kuchnia4-300x200.jpg 300w, https:\/\/worldschool.eu\/wp-content\/uploads\/2022\/04\/kuchnia4-768x512.jpg 768w, https:\/\/worldschool.eu\/wp-content\/uploads\/2022\/04\/kuchnia4-370x247.jpg 370w, https:\/\/worldschool.eu\/wp-content\/uploads\/2022\/04\/kuchnia4-400x267.jpg 400w, https:\/\/worldschool.eu\/wp-content\/uploads\/2022\/04\/kuchnia4-900x600.jpg 900w, https:\/\/worldschool.eu\/wp-content\/uploads\/2022\/04\/kuchnia4-450x300.jpg 450w\" sizes=\"(max-width: 960px) 100vw, 960px\" \/>\t\t\t\t\t\t\t\t\t\t\t\t\t\t\t<\/div>\n\t\t\t\t<\/div>\n\t\t\t\t\t<\/div>\n\t\t<\/div>\n\t\t\t\t<div class=\"elementor-column elementor-col-50 elementor-top-column elementor-element elementor-element-3c05d2c5\" data-id=\"3c05d2c5\" data-element_type=\"column\">\n\t\t\t<div class=\"elementor-widget-wrap elementor-element-populated\">\n\t\t\t\t\t\t<div class=\"elementor-element elementor-element-20f67f7 elementor-invisible elementor-widget elementor-widget-image\" data-id=\"20f67f7\" data-element_type=\"widget\" data-settings=\"{&quot;_animation&quot;:&quot;fadeInRight&quot;}\" data-widget_type=\"image.default\">\n\t\t\t\t<div class=\"elementor-widget-container\">\n\t\t\t\t\t\t\t\t\t\t\t\t\t\t\t<img loading=\"lazy\" decoding=\"async\" width=\"960\" height=\"640\" src=\"https:\/\/worldschool.eu\/wp-content\/uploads\/2022\/04\/kuchnia.jpg\" class=\"attachment-large size-large wp-image-2734\" alt=\"\" srcset=\"https:\/\/worldschool.eu\/wp-content\/uploads\/2022\/04\/kuchnia.jpg 960w, https:\/\/worldschool.eu\/wp-content\/uploads\/2022\/04\/kuchnia-300x200.jpg 300w, https:\/\/worldschool.eu\/wp-content\/uploads\/2022\/04\/kuchnia-768x512.jpg 768w, https:\/\/worldschool.eu\/wp-content\/uploads\/2022\/04\/kuchnia-370x247.jpg 370w, https:\/\/worldschool.eu\/wp-content\/uploads\/2022\/04\/kuchnia-400x267.jpg 400w, https:\/\/worldschool.eu\/wp-content\/uploads\/2022\/04\/kuchnia-900x600.jpg 900w, https:\/\/worldschool.eu\/wp-content\/uploads\/2022\/04\/kuchnia-450x300.jpg 450w\" sizes=\"(max-width: 960px) 100vw, 960px\" \/>\t\t\t\t\t\t\t\t\t\t\t\t\t\t\t<\/div>\n\t\t\t\t<\/div>\n\t\t\t\t<div class=\"elementor-element elementor-element-12e2105 elementor-invisible elementor-widget elementor-widget-image\" data-id=\"12e2105\" data-element_type=\"widget\" data-settings=\"{&quot;_animation&quot;:&quot;fadeInRight&quot;}\" data-widget_type=\"image.default\">\n\t\t\t\t<div class=\"elementor-widget-container\">\n\t\t\t\t\t\t\t\t\t\t\t\t\t\t\t<img loading=\"lazy\" decoding=\"async\" width=\"720\" height=\"405\" src=\"https:\/\/worldschool.eu\/wp-content\/uploads\/2022\/04\/13-1.jpg\" class=\"attachment-large size-large wp-image-2736\" alt=\"\" srcset=\"https:\/\/worldschool.eu\/wp-content\/uploads\/2022\/04\/13-1.jpg 720w, https:\/\/worldschool.eu\/wp-content\/uploads\/2022\/04\/13-1-300x169.jpg 300w, https:\/\/worldschool.eu\/wp-content\/uploads\/2022\/04\/13-1-370x208.jpg 370w, https:\/\/worldschool.eu\/wp-content\/uploads\/2022\/04\/13-1-400x225.jpg 400w, https:\/\/worldschool.eu\/wp-content\/uploads\/2022\/04\/13-1-533x300.jpg 533w\" sizes=\"(max-width: 720px) 100vw, 720px\" \/>\t\t\t\t\t\t\t\t\t\t\t\t\t\t\t<\/div>\n\t\t\t\t<\/div>\n\t\t\t\t\t<\/div>\n\t\t<\/div>\n\t\t\t\t\t<\/div>\n\t\t<\/section>\n\t\t\t\t<\/div>\n\t\t","protected":false},"excerpt":{"rendered":"<p>Posi\u0142ki w szkole Prawid\u0142owe \u017cywienie to nie tylko dostarczanie organizmowi energii oraz niezb\u0119dnych sk\u0142adnik\u00f3w pokarmowych we w\u0142a\u015bciwych proporcjach, ale tak\u017ce regularno\u015b\u0107 posi\u0142k\u00f3w. W naszej szkole uczniowie otrzymuj\u0105 cztery smaczne posi\u0142ki w ci\u0105gu dnia. Wszystkie potrawy przygotowywane s\u0105 na miejscu w szkolnej kuchni, wyposa\u017conej w nowoczesny sprz\u0119t. Produkty pozyskujemy od lokalnych, sprawdzonych dostawc\u00f3w. Zdrowa \u017cywno\u015b\u0107 to &hellip;<\/p>\n","protected":false},"author":1,"featured_media":0,"parent":0,"menu_order":0,"comment_status":"closed","ping_status":"closed","template":"","meta":{"footnotes":""},"class_list":["post-2729","page","type-page","status-publish","hentry","no-thumb"],"_links":{"self":[{"href":"https:\/\/worldschool.eu\/index.php?rest_route=\/wp\/v2\/pages\/2729","targetHints":{"allow":["GET"]}}],"collection":[{"href":"https:\/\/worldschool.eu\/index.php?rest_route=\/wp\/v2\/pages"}],"about":[{"href":"https:\/\/worldschool.eu\/index.php?rest_route=\/wp\/v2\/types\/page"}],"author":[{"embeddable":true,"href":"https:\/\/worldschool.eu\/index.php?rest_route=\/wp\/v2\/users\/1"}],"replies":[{"embeddable":true,"href":"https:\/\/worldschool.eu\/index.php?rest_route=%2Fwp%2Fv2%2Fcomments&post=2729"}],"version-history":[{"count":10,"href":"https:\/\/worldschool.eu\/index.php?rest_route=\/wp\/v2\/pages\/2729\/revisions"}],"predecessor-version":[{"id":3249,"href":"https:\/\/worldschool.eu\/index.php?rest_route=\/wp\/v2\/pages\/2729\/revisions\/3249"}],"wp:attachment":[{"href":"https:\/\/worldschool.eu\/index.php?rest_route=%2Fwp%2Fv2%2Fmedia&parent=2729"}],"curies":[{"name":"wp","href":"https:\/\/api.w.org\/{rel}","templated":true}]}}